. Is u(24) composite?
True
Let m = 70 + -23. Suppose 0 = -2*a + 3*a - m. Let p = a + 244. Is p a prime number?
False
Let x = -88281 + 176264. Is x a composite number?
True
Let a = -2 + 17. Let y(r) = 6*r**2 - 22. Let l be y(a). Suppose 4*t + b = 2*b + 1326, -2*b - l = -4*t. Is t prime?
True
Suppose 0 = 28*f - 17*f - 279037. Is f a composite number?
False
Let m(w) = -w**2 - 14*w + 3. Let h be m(-14). Suppose 1085 = 2*p - 3*f, -h*p + 540 = -2*p + f. Is p a prime number?
True
Let o be (-9 - -5)/(2 + -4). Suppose -4*c = -2*x + 1494, 4*x + o*c - 2975 = -3*c. Is x a prime number?
False
Let i be 26/2*(-2 - (185 - 2)). Let j = i - -3672. Is j a prime number?
False
Let s be (0 - 43)*(-16 - -11). Let b = s + 126. Is b/3 - 6/9 a composite number?
False
Suppose -5*u + 10 = 0, -u + 4674 = 4*z - 1884. Is z composite?
True
Let m be (-1)/1*24/(-4). Suppose -4*r + 2 = m. Is (0 + r)/(4/(-1988)) composite?
True
Suppose 0*a = 3*a + 3*x - 24, -3*a + 6 = -3*x. Let c(k) = -k**3 - 9*k**2 - 12*k - 1. Let i be c(-8). Suppose q - 16 = a*q, t = -5*q + i. Is t a prime number?
False
Suppose 4*h - 16 = -0, -2 = -5*o + 2*h. Suppose -o*z - 2*z = -3044. Suppose 6*w - z = 457. Is w a composite number?
True
Let q = -13 + 290. Suppose -4*x = -39 - q. Is x prime?
True
Let s(j) = -j**3 + 3*j**2 + 2*j - 3. Let p be s(3). Suppose p*y + x + 96 = 4*x, -3*x + 67 = -2*y. Is 1/(-2)*4*y composite?
True
Let r = -24008 - -15239. Is 1/4*-2 + r/(-6) prime?
False
Let v(n) = n**3 + n**2 + 3*n + 2. Let a be v(-2). Let j = a + 12. Suppose 0 = 3*d, -j*p - 95 = -9*p + 4*d. Is p composite?
False
Suppose 32683 = 19*b - 42804. Is b prime?
False
Suppose -10*h = -6*h. Suppose -5*j = -h*j + 13105. Is 4/24 - j/6 a composite number?
True
Let t be (5/(-15))/(3/(-36)). Suppose 4*y - 1027 = 3*z + 429, t*y - 4*z = 1452. Is y prime?
True
Let q(n) = -6*n**3 - 4*n**2 + 6*n - 2. Let p be q(-5). Suppose p - 116 = 2*t. Is t a prime number?
True
Suppose -4*y - 5*w + 10891 = 0, 5*y - 5*w = 16762 - 3092. Is y a prime number?
True
Suppose 3*q + 2*q - 40 = 0. Suppose -121 = -z - q. Is z a prime number?
True
Suppose -5*q + 7701 = -4*b + 45260, -4*b + q + 37563 = 0. Is b composite?
False
Let t be (-26)/91 + (-16847)/7. Let r = t + 3818. Is r a composite number?
True
Suppose -4*j + 9*j - 2*y - 11947 = 0, -j + 2*y + 2391 = 0. Is j composite?
False
Suppose -r - 4074 = -13036. Is r composite?
True
Suppose 3282 = 2*g - 342. Is 4/(-6)*g/(-4) a prime number?
False
Let k = 2 - -1. Let g(n) = 886*n**2 + n + 1. Let a be g(-1). Suppose m = k*m - a. Is m a composite number?
False
Let m(v) = -9*v - 3. Let g be m(-3). Is (g/(-60))/((-1)/565) a composite number?
True
Suppose 1206 = 76*c - 70*c. Is c a prime number?
False
Let c = -20 + 17. Is 4/(56/(-1561))*2*c a composite number?
True
Let a(g) = -2287*g**3 + 2*g**2 - 3*g + 2. Let k be a(1). Let t = -574 - k. Let d = 3027 - t. Is d a prime number?
False
Let s = -16 + 22. Suppose s*t = 1232 + 466. Let k = -106 + t. Is k composite?
True
Let a(i) = -i**3 + 11*i**2 - 6*i + 5. Is a(6) composite?
False
Let w = 322291 + -229574. Is w composite?
False
Let u(s) = -s**3 + 16*s**2 - 11*s + 1. Let d = -3 + 17. Is u(d) a composite number?
False
Let x be (-2)/(-2)*(2 + -2). Let p be x/(-1 + (0 - 1)). Suppose 5*o - 320 - 135 = p. Is o prime?
False
Let f(z) be the third derivative of z**5/5 - z**4/4 - 5*z**3/6 - 3*z**2. Suppose w - 4*l = -3*l + 4, -3*l = -w. Is f(w) a prime number?
False
Let o(d) = -4 + 2*d + 3 - 8*d + 26*d**2. Let t be (-1)/11 - (-5762)/(-1474). Is o(t) a prime number?
True
Let i(v) = 169*v**2 + 9*v + 21. Is i(-5) composite?
False
Is -2 + 5 + -4 + 975 a composite number?
True
Suppose 3*l + l - 12 = 0. Suppose -l*f + 13 + 14 = 0. Suppose 10*w - f*w = 79. Is w prime?
True
Suppose 10 = 2*v + 3*v. Suppose 0 = 3*t - 8 + v. Suppose g - 581 = -o + 4*g, -1743 = -3*o + t*g. Is o a prime number?
False
Suppose 8*x - 4*x + 5*h = 14636, 2*x - 3*h - 7318 = 0. Is x composite?
False
Suppose -2*r - 10 = 5*n - 9*n, -5*r + 5*n - 5 = 0. Let d be (-508)/(-3) - r/9. Suppose 0 = -5*i + 646 + d. Is i prime?
True
Suppose 0 = 4*k - 0*k - 3*w - 16, 4*k + 5*w - 16 = 0. Is 1/k + (12715/20 - 1) a composite number?
True
Suppose 2*p - 5*p = 5*a + 74, -5*p + 5*a = 70. Is 434/3 - (-4 - 66/p) prime?
False
Is (-4)/(-1) + 352440/24 prime?
False
Suppose -3*q = -7*q. Let u be (-7 - -8)*(q + 0). Suppose 5*a + u*a = 785. Is a a composite number?
False
Let f be (3 - (7 + -1))*-1. Suppose -f*i = -602 - 391. Is i composite?
False
Let f be (3626 + (-2)/(-1))/2. Suppose -5*k + f = 3*q, 2*q - 5*k - 1632 = -381. Is q prime?
True
Let b(m) = 14*m - 49. Let f be b(12). Suppose f*h + 798 = 125*h. Is h a composite number?
True
Let m(x) = -6*x**2 - 16*x - 29. Let o(k) = 6*k**2 + 15*k + 28. Let f(p) = 4*m(p) + 5*o(p). Is f(10) composite?
True
Let b = 4207 + -2924. Is b composite?
False
Is (-137794)/(-12) - 45/(-270) composite?
False
Suppose -g + 29803 = 4*j, -j + 5*g - g + 7455 = 0. Is j a composite number?
False
Suppose -37674 + 14855 = -19*n. Is n prime?
True
Suppose -22*g - 11*g = -2277. Is g prime?
False
Let s be 183/((-1)/(-10) + (-14)/(-35)). Let q = s - -661. Is q composite?
True
Is -1 + 7 + 6490 + 3 a composite number?
True
Let u(r) = 21*r - 85*r + 2 - 13. Is u(-8) composite?
True
Suppose 2*j - 4*s = 104, -4*j + 0*s = s - 163. Suppose -o + 17 + j = 0. Is o a composite number?
False
Let n = 177 - 131. Is n composite?
True
Let t = -220 - -223. Let f(c) = -71*c. Let j be f(-3). Suppose -t*g + j + 792 = 0. Is g prime?
False
Let o be (0 + -2)*(-10)/20. Let l be 3 + 0 - -783 - o. Suppose -l = -5*x - 0*x. Is x composite?
False
Let t = -2743 - -1549. Let w = 329 - 331. Is (2/w)/(6/t) a prime number?
True
Let r(o) = -o**3 - 4*o**2 + 8. Let j be r(-4). Suppose 655 = 4*v - 5*p, j*v - 794 = 3*v - 2*p. Suppose -s + 86 = -3*h, -2*h = -4*s + 2*s + v. Is s prime?
False
Let r(c) = 156*c**2 + 4*c - 9. Let s be r(4). Let k = s - -3276. Is k composite?
False
Suppose -4*g - 3189 = -3*l, 3*l + 9*g - 3162 = 4*g. Let j = -1 - -1. Suppose -215 = -f - j*i - 2*i, l = 5*f + 2*i. Is f a composite number?
False
Let l(z) = 26*z**2 + 2*z. Let a be l(-2). Let s = 15 + -5. Suppose a = 5*i - s. Is i composite?
True
Suppose -3*a = -4*p + 36628 - 7506, -3*p - a = -21835. Is p a composite number?
True
Let r be (27/3 - -2) + (-20)/5. Is 320 + (r - 4) - (1 + 3) composite?
True
Let f(p) = 4*p**3 - 9*p**2 - 5*p + 16. Let r be f(11). Suppose -2*z + r = 2*z. Is z a composite number?
False
Is -1195*(30/(-35) + (-1028)/140) prime?
False
Suppose 4*z - 2864 - 389 = -3*r, 4*r - 4354 = 3*z. Is r composite?
False
Is (-21828)/(-3) + (3 - 8) a composite number?
True
Let o = -12227 - -26128. Is o prime?
True
Let i(f) = f**3 - 2*f**2 - 2*f + 4. Let q be i(2). Suppose 0 = -4*l - k + 1039, 4*l + q*k - 1030 = 2*k. Is l a composite number?
True
Let u(b) = 994*b**2 + 5*b - 7. Is u(-5) composite?
True
Let z(q) = 8*q**2 - 4*q - 1. Suppose -32 = -4*a + 28. Suppose -2*k = k - a. Is z(k) a prime number?
True
Suppose 4*a = -4*l + 8, 0 = -2*l - 5*a + 20 - 7. Is (2/l)/((-34)/5219) a prime number?
True
Is ((-81129)/(-9))/(6/18) a prime number?
True
Let f be 0 - ((0 - -4) + -6). Suppose -f*g = -5*v - 7*g + 1440, 0 = -3*v - g + 866. Is v a composite number?
True
Let v be (6882/(-5) - 0) + 20/50. Let q = -397 - v. Is q a prime number?
False
Suppose -4*v + v - 316 = 2*q, -474 = 3*q + 4*v. Let m be -1 + q/(-6)*3. Is ((-286)/33)/((-4)/m) a composite number?
True
Suppose -3*u + 3736 = -2*u - 3*b, u - 2*b = 3731. Suppose 4*x = u + 427. Let p = -540 + x. Is p a prime number?
False
Let k(f) = f**2 - 5*f - 2. Let x be 9/36 + (-19)/(-4). Let t be k(x). Is ((-4)/4)/t*388 a prime number?
False
Is 442780/140 + 4/14 a composite number?
False
Suppose b + 10873 = -3*l + 88755, 2*b + 2 = 0. Is l prime?
False
Suppose 783 = 3*j - 660. Let i be 3 + j + 6/2. Suppose 5*q - 598 = i. Is q a prime number?
False
Let t = -5 + -2. Let c(y) = -11*y - y - 3*y + 4. Is c(t) a composite number?
False
Suppose -128 = -3*m + 2*h, -2*m - 5*h + 186 = 2*m. Let f be 210/21*2/4. Suppose 2*r - 2*c = 36, -f*r = -c - m - 58. Is r composite?
True
Let c(u) = 81*u**2 - 3*u + 3. Suppose -5*w = -14 + 24. Let b = 1 - w. Is c(b) a prime number?
False
Suppose 135*g - 143*g = 24. Let d(r) = 0 - 4 - 17*r - 12*r. Is d(g) prime?
True
Let z = 27162 + -10